 the highest common factor of r and 5?
1
Let y(m) = -375*m + 1545. Let x be y(-13). What is the greatest common factor of 60 and x?
60
Suppose 9*p = 4*p + 20. Suppose -298 = p*k - 474. Calculate the highest common factor of k and 1.
1
Let k(x) = 5*x**2 + 20*x + 16. Let i be k(-10). Let v(c) = -c**3 + 11*c**2 - 5*c - 113. Let q be v(9). What is the greatest common factor of i and q?
4
Let q = 742 - 608. Calculate the highest common divisor of 1139 and q.
67
Let r be 10266/236*16/6. Suppose -w - 3*w = 3*n + 88, -5*n = -3*w - 95. Let i = 4 - w. What is the highest common factor of r and i?
29
Let v be ((-322)/42)/(-23) + -26*109/(-3). Calculate the highest common divisor of 1647 and v.
27
Let i = -653 - -680. Let z = -2 + 4. Let h be i/18 + 21/z. Calculate the highest common factor of 24 and h.
12
Let h(j) = -3*j + 58. Let u be h(12). Let t be u/14 - 0 - (-15)/35. Calculate the greatest common divisor of 50 and t.
2
Suppose 22 + 105 = v. Suppose 3*b = v + 41. Calculate the greatest common divisor of b and 7.
7
Let m = 363 + -358. Suppose -m*c = -q - 26, 22 = 5*c - q - q. What is the greatest common factor of c and 62?
2
Suppose -5*r = 2*h - 46, -5*r - 5*h + 25 + 15 = 0. Suppose -19 = -5*d - 4, 2*d = -t + r. Calculate the greatest common divisor of t and 164.
4
Let f(a) = -a - 3. Let w be f(-6). Suppose w*y - 2*p - 47 = 0, 2*p - p + 4 = 0. What is the greatest common divisor of y and 117?
13
Let m(l) = 80*l**2 + 72. Let w be m(-2). What is the highest common divisor of 56 and w?
56
Let d = 19654 - 19628. Calculate the greatest common factor of 36361 and d.
13
Let j be -1*(-47 - (-2 - 2)). Let n = j - 43. Suppose n = -5*r + 377 + 273. Calculate the greatest common factor of 26 and r.
26
Let v(g) = 7*g**3 - 2*g**2 + 31*g - 135. Let m be v(4). What is the highest common factor of m and 72?
9
Let h = 6254 - 6148. Calculate the highest common divisor of 12031 and h.
53
Suppose -h - 6*h + 49 = 0. Let f(u) = -2*u**3 - 3*u**2 - 3*u - 8. Let s be f(-3). Calculate the greatest common divisor of h and s.
7
Suppose 16*c = 4361 + 839. Suppose 6*h - 9*h = -39. What is the greatest common factor of h and c?
13
Suppose 0 = -4*v - 0*v - r + 12, 2*v - r = 0. Suppose -5*q + 6*i = 2*i - 1714, v*i = q - 344. What is the highest common factor of q and 9?
9
Let b(l) = -61*l - 3. Let h be b(-1). Suppose 12*m - 13*m = -3*s - 412, 3*s = -6. What is the greatest common factor of m and h?
58
Let h(q) = -6*q - 367. Let p be h(-67). Let y = 120 + -65. What is the greatest common factor of y and p?
5
Suppose 0 = 34*b + 35 - 205. Suppose n - 2*m + 6*m + 11 = 0, -4*n = 2*m + 2. Let c be 10*n*(-21)/(-6). What is the highest common divisor of c and b?
5
Let t = 5 + 40. Let f(h) = -3*h**2 + 50*h + 21. Let o be f(17). Let x(v) = 2*v - 3. Let w be x(o). What is the greatest common factor of w and t?
5
Let s(q) = -2*q**2 - q + 1. Let n(h) = -9*h**2 + 10*h - 8. Let t(m) = n(m) - 5*s(m). Let y be t(-16). What is the greatest common factor of 123 and y?
3
Let b be 2597*(-77)/33*(-18)/14. What is the greatest common divisor of 147 and b?
147
Let y = 4960 - 4054. What is the greatest common divisor of 18 and y?
6
Suppose 119*u - 6*u = -42475 + 403849. What is the greatest common factor of u and 574?
82
Suppose 306*p - 317*p + 24079 = 0. Calculate the highest common divisor of p and 398.
199
Let g = 702 + -303. Calculate the greatest common factor of 84 and g.
21
Let u(n) = -n**3 + n. Let d(v) = -v**3 + 5*v**2 - 33*v - 21. Let t(a) = -d(a) + 2*u(a). Let c be t(-10). What is the greatest common divisor of 9 and c?
9
Let i be 2/7 - (-628)/7. Suppose 1707 + 513 = 37*r. What is the greatest common divisor of r and i?
30
Suppose -5*s - 33 = 2*b, 4*b + 21 + 15 = -4*s. Let y be (-15)/(-12)*b + 7. Calculate the greatest common divisor of 22 and y.
2
Let r(q) = -q + 7. Let o be r(-9). Let v be -9 + (148 + 2)/6. Calculate the highest common divisor of o and v.
16
Suppose p + 3*p = 2*h - 32, -2*h - 3*p = -11. Let v(z) = 126*z - 16. Let r be (1 + 0)*(-27)/(-27). Let u be v(r). What is the greatest common factor of u and h?
10
Let d be (-20)/(-4)*(3 - 0). Let b be 145/(-116) + (-665)/(-4). Calculate the greatest common factor of b and d.
15
Let y be 0 - -5*(5 - 0)/5. Suppose -3*f = y*n - 95, 2*f = -f + n + 89. Let a be (-902)/(-10) - (-2)/(-10). Calculate the greatest common divisor of f and a.
30
Let v(l) = l**3 + 27*l**2 - 162*l + 51. Let y be v(-32). Calculate the highest common divisor of y and 7199.
23
Let c = 63 + 46. Suppose -2*u = x + 73, 11*u - 8*u = 5*x + 365. Let s = c + x. Calculate the highest common divisor of s and 9.
9
Suppose -952 - 1844 = -96*q - 780. Let t(a) = -28*a**3. Let f be t(-1). What is the highest common divisor of f and q?
7
Suppose -64*m + 529 + 581 = -27*m. Suppose 0 = 5*n + 4*h - 570, 4*h + 34 = n - 80. Let t = n - -6. Calculate the highest common divisor of t and m.
30
Let o = 1170 + -1127. Suppose -2*u = -17 - 413. Calculate the highest common divisor of u and o.
43
Suppose -5*m + 19 = 3*f, 9*m - 4*f = 5*m + 28. Let z be (-2)/(((-40)/(-14))/m)*-2. What is the highest common factor of z and 5?
1
Let g be 1882/16 + (13/(-8) - -2)/1. What is the highest common divisor of g and 6077?
59
Let s be ((-114)/(-5))/((-38)/(-95))*199. Calculate the highest common divisor of s and 199.
199
Let d = 363 - -3963. What is the greatest common divisor of 103 and d?
103
Suppose -6*d = 3*g - 6084, 4*d - 2519*g = -2515*g + 4128. Suppose 0 = o - 5*p + 37 - 139, 4*o + 4*p - 408 = 0. Calculate the highest common divisor of o and d.
102
Let j = 7746 + -7728. Suppose 0 = -5*a - 5*m + 398 + 947, -3*a = -m - 811. Suppose i = 4*i - a. Calculate the greatest common divisor of j and i.
18
Let w = 669 + -230. Let p = -354 + w. Let f = -30 - -47. What is the highest common divisor of p and f?
17
Suppose 2*a = 3*o - 4*o + 8, -5*o + 52 = 4*a. Let f(y) = y - 37. Let r be f(o). Let l = r + 51. What is the greatest common factor of l and 52?
26
Suppose -f = -42 - 6. Suppose -f*w = -44*w - 64. Suppose -13*n + w*n - 120 = 0. Calculate the highest common divisor of 4 and n.
4
Suppose -45324 = -2*m - 7*m. Suppose m = 18*d + 932. What is the greatest common factor of d and 12?
12
Suppose 12*q = -13*q + 850. Suppose 62 = 2*d - q. What is the highest common factor of 3 and d?
3
Suppose 0 = 229*c - 226*c - 690. Let t be (-69)/c - 666/(-20). Calculate the greatest common divisor of t and 11.
11
Let i be -3 - (3 + 260/4). Let y = i + 93. Calculate the greatest common divisor of y and 55.
11
Let k = 357 + -231. Let o(u) = 6*u - 49. Let d be o(8). Let q be (0 + d)*(29 + -43). Calculate the highest common divisor of k and q.
14
Let b be 1 + -3 + 421 + -52 + 47. Let h be ((-6)/(-8))/(15/360). What is the highest common divisor of h and b?
18
Suppose -8*c + 26 = -102. Let u be (c/7)/(46/161). Suppose 188 = -u*x + 1508. Calculate the highest common factor of x and 15.
15
Let x = 314 - 314. Suppose 0 = -5*t - n + 76, -88 = -x*t - 5*t + 2*n. Calculate the greatest common factor of t and 296.
8
Let z(d) = -3*d**3 - 43*d**2 + 27*d - 36. Let x be z(-15). What is the greatest common factor of x and 729?
9
Let j = -32181 - -32357. What is the highest common factor of 1168 and j?
16
Let j = -10487 + 10734. What is the greatest common divisor of 2 and j?
1
Suppose 0 = -23*l - 108 - 145. Let v(h) = h**2 + 3*h - 17. Let g be v(l). What is the highest common factor of 71 and g?
71
Let f(q) = -80*q + 7. Let c(t) = t**3 - 5*t**2 - 3*t - 21. Let v be c(6). Let x be f(v). What is the greatest common factor of x and 13?
13
Let o(l) = 6*l**3 - 30*l**2 - 51*l + 881. Let v be o(14). What is the highest common divisor of v and 13?
13
Suppose a + y = -y + 185, a + 3*y - 180 = 0. Let r be 5 - (4 + -3) - -74. Calculate the greatest common factor of r and a.
39
Let q = -13 + 18. Suppose 4*p + 4*x = -p + 17, q*x = -4*p + 10. Suppose -d = 3*a - 2, p*d = 4*d + a + 18. What is the greatest common divisor of d and 126?
14
Suppose -32728 + 472 = -28*p. What is the highest common factor of p and 2016?
288
Suppose 163*p = 166*p. Let t be -2 - -1 - (p + (-1)/1). Suppose 4*y + 4 = t, 0*y + 2*y + 32 = 3*l. What is the highest common divisor of l and 6?
2
Let r = -81 + 90. Let a = -4 + r. Suppose -5*k = 5*u - 60, 0 = -3*u + 5*u - a*k - 17. What is the gre